he remainder when l is divided by m?
2
Calculate the remainder when 42 is divided by ((-4)/(-8))/(((-3)/132)/(-1)).
20
Suppose -5*t + 4*b = -1080, -3*t - 5*b + 823 = t. What is the remainder when t is divided by 32?
20
Let o(z) = 4*z**2 - 2*z + 29. What is the remainder when 374 is divided by o(0)?
26
Let v be 22/99 - 194/(-18). Let d(h) = h**3 - 11*h**2 + 2*h - 15. Calculate the remainder when 19 is divided by d(v).
5
Let i = -278 + 297. What is the remainder when 113 is divided by i?
18
Let y(v) = -2*v - 5. Let b be y(-7). Let z be ((-3)/b)/(3/18). Calculate the remainder when 22 is divided by (z/4)/((-6)/144).
10
Suppose -k - 1 = -4*p - 3, -5*k + 105 = -p. What is the remainder when 1405 is divided by k?
19
Suppose 4*u + 7 = 47. What is the remainder when (1584/(-15))/(-1) + u/25 is divided by 27?
25
Let h = 309 + -274. Calculate the remainder when 348 is divided by h.
33
Suppose -3*m + 16 = -7*m - 4*n, -4*m = -n - 4. Suppose m*i - 84 = -6*i. What is the remainder when 27 is divided by i?
13
Suppose 0 = -20*i + 2*i + 612. What is the remainder when 93 is divided by i?
25
Let a = -2 - -24. Suppose -4*g + 22 = -3*c + c, g = 0. Let x(d) = -10*d - 24. What is the remainder when x(c) is divided by a?
20
Let n = -419 + 432. Calculate the remainder when 103 is divided by n.
12
Let w(j) = 4*j - 8. Let v(d) = 6*d - 18*d + 3 - 4. What is the remainder when v(-3) is divided by w(5)?
11
Suppose 8*t - 2504 = -2336. Calculate the remainder when 94 is divided by t.
10
Let y = 986 + -957. Suppose -9*x = -14*x + 425. What is the remainder when x is divided by y?
27
Let r(b) = 2*b**2 + b - 45. Let n be r(-6). Suppose g - 110 = -4*g. Suppose n*s - g*s = -37. What is the remainder when s is divided by 10?
7
Suppose 0 = -12*t + 7*t + 55. Let p = -12 - -51. What is the remainder when p is divided by t?
6
Let v = -4 - -7. Suppose -24 = t - v*t. Suppose 3*b + p = 110, 4*b - 3*p - 145 = -4*p. Calculate the remainder when b is divided by t.
11
Suppose 3*r + 0 = o - 10, 0 = -5*o - r + 114. Calculate the remainder when 37 is divided by o.
15
Suppose -1761*m + 1759*m + 16 = 0. What is the remainder when 71 is divided by m?
7
Let z(i) = -i**2 - 16*i + 23. Calculate the remainder when 25 is divided by z(-17).
1
Let d = 24 + -4. Calculate the remainder when -62 + 100 - (-2)/(-2) is divided by d.
17
Let i = 319 + -317. Calculate the remainder when 23 is divided by i.
1
What is the remainder when (79 - 77)*197/2 is divided by 22?
21
Let m = 521 + -353. Calculate the remainder when m is divided by 55.
3
Let c be (-3 - -4 - 1) + 4. Suppose -c*d = 4, 0*i + 3*d + 19 = 4*i. Calculate the remainder when 35 is divided by i/10 - 43/(-5).
8
Let m = 15 - -45. Calculate the remainder when 61 is divided by m.
1
Suppose -22 - 20 = -3*d. Let o(i) = i**3 + 29*i**2 - 253*i + 3. Calculate the remainder when o(-36) is divided by d.
11
Suppose 2*i = -5 + 9. Let w(t) = -10*t + 1 + 4 - 8 + 2*t**2 + i. What is the remainder when w(8) is divided by 6?
5
Let z(l) = 9*l - 117. What is the remainder when z(15) is divided by 5?
3
Let n(k) = -8*k - 12. What is the remainder when 32 is divided by n(-4)?
12
Let g(w) = 9*w + 1. Let i be g(4). Suppose -5*f - 4*x + 154 = 0, f + 2 = -5*x + i. Calculate the remainder when 118 is divided by f.
28
Suppose -3*t - 4*q + 701 = 0, -5*q = -39*t + 35*t + 976. Calculate the remainder when t is divided by 4.
3
Let g = -799 + 953. Calculate the remainder when g is divided by 12.
10
Let l be (1 - 2)/(1/5). Let f(k) = -2*k - 2. Calculate the remainder when (-8 + -1)*-3 + (10 - 7) is divided by f(l).
6
Suppose -5*m + 1834 = 2*m. What is the remainder when m is divided by 33?
31
Suppose -235*o + 250*o - 495 = 0. Suppose -n = n - 2. Calculate the remainder when (n/3)/((-3)/(-873)) is divided by o.
31
Suppose 5*c - 490 = -5*l, -3*l - 85 = -c + 25. Suppose 4*w - 61 = -q, -4*w = -4*q - 35 - 21. Calculate the remainder when c is divided by w.
11
Let i be (3 - 31)*2/(-8) - 3. Suppose 0 = 3*h - 2 - i. What is the remainder when h is divided by 1?
0
Suppose 0 = 123*h - 77*h - 1380. What is the remainder when h is divided by 8?
6
Suppose 5*b = 8*h - 12*h + 82, 0 = 4*h + b - 74. What is the remainder when h is divided by 16?
2
Suppose 2*a = 8*a - 702. What is the remainder when a is divided by 5?
2
Let l(q) = q**2 + 9*q - 55. What is the remainder when l(9) is divided by 5?
2
Let z = 33 + -33. Let s = z + 47. What is the remainder when s is divided by 17?
13
Calculate the remainder when 7/((-28)/(-3040)) - 9 is divided by 58.
55
Suppose 8*s - 9*s - 162 = -3*y, 0 = 5*y - 5*s - 270. Calculate the remainder when y is divided by 39.
15
Suppose 9*b - 44 = -2*b. What is the remainder when 90 is divided by b?
2
Let k(m) = -7*m - 32. What is the remainder when k(-8) is divided by 9?
6
Let c(i) = 2*i**2 - 19*i + 77. What is the remainder when c(8) is divided by 28?
25
Let c(v) = -v**2 - 4*v + 1. Let d be c(-4). Let j be (171/(-12))/(d/8). Calculate the remainder when ((-112)/48)/(2/j) is divided by 34.
31
Let h be (-1)/(-4) - 38*3/(-24). Suppose 136 = 9*t - h*t. What is the remainder when t is divided by 18?
16
Let i(k) = -22*k - 73. Let u(n) = -33*n - 110. Let s(f) = 8*i(f) - 5*u(f). What is the remainder when s(-12) is divided by 50?
48
Let w = -423 - -611. Suppose -5*h + l + 2*l = -w, -3*h = 2*l - 109. What is the remainder when 109 is divided by h?
35
Let r be ((-178)/(-6))/((-3)/(-9)). Suppose -n + 54 = 3*w, 2*w = 7*w + 2*n - r. Suppose -3*m = -17 - 4. What is the remainder when w is divided by m?
5
Suppose -4*o = -4*i - 20 - 16, 45 = 3*o + 3*i. What is the remainder when 548 is divided by o?
8
Let p = 3 - 0. Suppose o + 100 = p*o. Suppose -25 - 60 = -5*r. What is the remainder when o is divided by r?
16
Let w(f) = -f**3 + 17*f**2 - 13*f + 3. Let h(t) = 16*t**2. Let g be h(-2). Suppose 0*u = 4*u - g. Calculate the remainder when w(u) is divided by 13.
12
Let v(j) = -20*j - 2. Let f = -14 - -51. Suppose f = 2*k - 23. Calculate the remainder when v(-6) is divided by k.
28
Suppose 2*f = i + 22, 2*f - 3 = -2*i + 25. What is the remainder when f is divided by 7?
5
Let o = -17 - -30. Let m(a) = 2*a**2 - 49*a + 289. Calculate the remainder when m(7) is divided by o.
5
Let b = 30 - 36. What is the remainder when ((-4)/b)/((-6)/(-495)*1) is divided by 12?
7
Suppose h = -4*f + 289, -3*f + h - 118 + 340 = 0. Calculate the remainder when f is divided by 15.
13
Suppose -86 = -5*v + 114. Let j(s) = s**2 - 6*s + 7. Suppose 0 = 2*t - 19 + 5. What is the remainder when v is divided by j(t)?
12
Suppose -15 = 4*t - 43. Let k(m) = -2*m + 29. Let r(w) = 3*w - 30. Let o(v) = 4*k(v) + 3*r(v). What is the remainder when o(-13) is divided by t?
6
Let t be 3/(-3*2/(-4)). Suppose -t*d = -488 + 162. Suppose 0 = -5*c + d + 52. What is the remainder when c is divided by 15?
13
Let j = -2021 - -976. Let w(x) = 3*x. What is the remainder when 1/3 + j/(-15) is divided by w(6)?
16
Suppose 128 - 32 = 3*i. Calculate the remainder when (-13)/(-143) + 2076/33 is divided by i.
31
Suppose 5*s - 10716 = -0*l - 3*l, -6428 = -3*s - l. Suppose 32*h = 23*h + s. Calculate the remainder when h is divided by 30.
28
Let l = -70 + 169. Suppose -5*k + l = -21. Let g(i) = 30*i**2 - i + 1. What is the remainder when g(2) is divided by k?
23
Let u be (-3 - 2)*56/20. Let k = -4 - u. Calculate the remainder when 38 is divided by k.
8
Suppose 4*q - 2*j - 106 = -38, -5*q = -2*j - 87. Suppose 2*b - 4*f + 24 = 0, -b - 4*b + 4*f = 30. Calculate the remainder when q is divided by 4/(b + 36/15).
9
Let l = 1794 - 1696. What is the remainder when l is divided by 29?
11
Let a be (-350)/21 - (-4)/6. Let o = a - -21. Suppose -o*y = -1 - 24. What is the remainder when 19 is divided by y?
4
Let b(a) = 3*a**3 + a**3 - 39*a - 4*a**3 + 17*a**2 + a**3 + 22. Calculate the remainder when 122 is divided by b(-19).
40
Suppose -l + 5 = -0. Suppose -35 - 39 = t + x, -l*t = -4*x + 379. Calculate the remainder when 75 is divided by t/(-30)*52/5.
23
Let q be (-8)/((-16)/(-4)) + (-468)/4. What is the remainder when (-17)/q + (-83)/(-7) is divided by 5?
2
Let z(k) = k**3 - 4*k**2 + 4*k - 6. Let x be (-1 - -9)/(2/(-4)). Let f = 20 + x. Calculate the remainder when z(4) is divided by f.
2
Suppose -10*x = 2 - 422. Calculate the remainder when 108 is divided by x.
24
L